{"id":27,"date":"2016-09-05T11:37:43","date_gmt":"2016-09-05T09:37:43","guid":{"rendered":"https:\/\/josjo.de\/Blog\/?page_id=27"},"modified":"2024-08-23T18:16:32","modified_gmt":"2024-08-23T16:16:32","slug":"lgs-loeser","status":"publish","type":"page","link":"https:\/\/josjo.de\/Blog\/lgs-loeser\/","title":{"rendered":"LGS-L\u00f6ser"},"content":{"rendered":"<p><img loading=\"lazy\" decoding=\"async\" class=\"alignnone wp-image-28 size-full\" src=\"https:\/\/josjo.de\/Blog\/wp-content\/uploads\/2016\/09\/lgsLoeser-min.png\" alt=\"lgsLoeser-min\" width=\"982\" height=\"594\" srcset=\"https:\/\/josjo.de\/Blog\/wp-content\/uploads\/2016\/09\/lgsLoeser-min.png 982w, https:\/\/josjo.de\/Blog\/wp-content\/uploads\/2016\/09\/lgsLoeser-min-300x181.png 300w, https:\/\/josjo.de\/Blog\/wp-content\/uploads\/2016\/09\/lgsLoeser-min-768x465.png 768w\" sizes=\"auto, (max-width: 982px) 100vw, 982px\" \/><\/p>\n<p>Hierbei handelt es sich um eine einfache Windows-Store Anwendung, welche lineare Gleichungssysteme (2&#215;2 bis 5&#215;5) nach der Cramer&#8217;schen Regel l\u00f6st.&nbsp; Das LGS kann dabei bequem \u00fcber ein Formular eingegeben werden. Ein kurzer L\u00f6sungsweg nach Cramer wird mit dem ermittelten Ergebnis angezeigt. Dabei ist es m\u00f6glich, eingegebenes LGS und L\u00f6sungsweg mit Ergebnis als unformatierten Text in die Zwischenablage zu kopieren.<\/p>\n<p>Zurzeit werden nur Desktop-Ger\u00e4te unterst\u00fctzt.<\/p>\n<p><script type=\"module\" src=\"https:\/\/get.microsoft.com\/badge\/ms-store-badge.bundled.js\"><\/script><br \/>\n<ms-store-badge\n\tproductid=\"9nblggh5jzr7\"\n\tproductname=\"LGS-L\u00f6ser\"\n\twindow-mode=\"full\"\n\ttheme=\"dark\"\n\tlanguage=\"de\"\n\tanimation=\"on\"><br \/>\n<\/ms-store-badge><\/p>\n","protected":false},"excerpt":{"rendered":"<p>Hierbei handelt es sich um eine einfache Windows-Store Anwendung, welche lineare Gleichungssysteme (2&#215;2 bis 5&#215;5) nach der Cramer&#8217;schen Regel l\u00f6st.&nbsp; Das LGS kann dabei bequem \u00fcber ein Formular eingegeben werden. Ein kurzer L\u00f6sungsweg nach Cramer wird mit dem ermittelten Ergebnis angezeigt. Dabei ist es m\u00f6glich, eingegebenes LGS und L\u00f6sungsweg mit Ergebnis als unformatierten Text in &hellip; <a href=\"https:\/\/josjo.de\/Blog\/lgs-loeser\/\" class=\"more-link\"><span class=\"screen-reader-text\">LGS-L\u00f6ser<\/span> weiterlesen<\/a><\/p>\n","protected":false},"author":1,"featured_media":0,"parent":0,"menu_order":0,"comment_status":"closed","ping_status":"closed","template":"","meta":{"footnotes":""},"class_list":["post-27","page","type-page","status-publish","hentry"],"_links":{"self":[{"href":"https:\/\/josjo.de\/Blog\/wp-json\/wp\/v2\/pages\/27","targetHints":{"allow":["GET"]}}],"collection":[{"href":"https:\/\/josjo.de\/Blog\/wp-json\/wp\/v2\/pages"}],"about":[{"href":"https:\/\/josjo.de\/Blog\/wp-json\/wp\/v2\/types\/page"}],"author":[{"embeddable":true,"href":"https:\/\/josjo.de\/Blog\/wp-json\/wp\/v2\/users\/1"}],"replies":[{"embeddable":true,"href":"https:\/\/josjo.de\/Blog\/wp-json\/wp\/v2\/comments?post=27"}],"version-history":[{"count":10,"href":"https:\/\/josjo.de\/Blog\/wp-json\/wp\/v2\/pages\/27\/revisions"}],"predecessor-version":[{"id":783,"href":"https:\/\/josjo.de\/Blog\/wp-json\/wp\/v2\/pages\/27\/revisions\/783"}],"wp:attachment":[{"href":"https:\/\/josjo.de\/Blog\/wp-json\/wp\/v2\/media?parent=27"}],"curies":[{"name":"wp","href":"https:\/\/api.w.org\/{rel}","templated":true}]}}